ose 4*o - 16 = -2*h, -8 - 12 = 5*h. Let d = y - o. What is the remainder when 17 is divided by d?
5
Suppose -9 = 3*h, a - 5*h - 13 = 49. Calculate the remainder when 92 is divided by a.
45
Let l = 12 + -5. Let f(n) = n + 11. Let m be f(-6). Let h = -2 + m. What is the remainder when l is divided by h?
1
Suppose -s = -5*g + 12, 9 = s + 5*g - 9. Let r = 5 - 3. Calculate the remainder when s is divided by r.
1
Suppose s - 13 = -3. Let l = -7 + s. Let m(g) = g**2 + g - 2. Calculate the remainder when m(-4) is divided by l.
1
Suppose x + 5*h - 97 = 0, -77 = -x - 2*h + 7*h. What is the remainder when x is divided by 30?
27
Let q = -9 - -23. Calculate the remainder when q is divided by 10.
4
What is the remainder when 20 is divided by ((-2)/(-3))/((-2)/(-21))?
6
Suppose -3*m - 91 = -4*t - 24, -5*m - 21 = -t. Let x = -157 + 63. What is the remainder when (6/6)/((-2)/x) is divided by t?
15
Let a be (60/21*(-7)/(-2))/2. Let w be (-1 + 3)/2 + 50. Suppose 1 = -a*t + w. Calculate the remainder when 17 is divided by t.
7
Let v = 63 - 34. What is the remainder when 143 is divided by v?
27
Let q(m) = -m + 5. Calculate the remainder when 25 is divided by q(-9).
11
Let y(a) = a**3 - 9*a**2 + 10*a + 1. Suppose 197 = 3*i + 2. Calculate the remainder when i is divided by y(8).
14
What is the remainder when (-23)/5*(1 - 6) is divided by 12?
11
Let r(b) = -4*b + 1. Let m be r(-1). Suppose -m*l + 25 = -z, 0 = -0*l + 5*l + z - 25. Calculate the remainder when l is divided by (-26)/91*(-6 + -1).
1
Let g = 45 + -74. Let t = -21 - g. Calculate the remainder when 21 is divided by t.
5
Let p(t) = -3*t**2 + t - 2. Let q be p(2). Let s = 20 + q. Calculate the remainder when s is divided by 5.
3
Suppose -4*z + 40 = 2*h + 10, 5*z + 75 = 5*h. Let r = -28 + h. Let b = -6 - r. Calculate the remainder when b is divided by 4.
3
Let l(i) = -i**3 + 7*i**2 + i - 3. Let g be l(7). Let v(q) be the first derivative of -q**2/2 + 6*q - 17. What is the remainder when 7 is divided by v(g)?
1
Suppose 13*b - 353 = -15. Calculate the remainder when b is divided by 3*(1 + 1) + 1.
5
Suppose -v + 20 = v. Let t(s) = -s**2 + 11*s + 6. Calculate the remainder when t(v) is divided by 9.
7
Let j = 79 - 62. Calculate the remainder when 45 is divided by j.
11
Suppose 0 = -6*g + 6 + 6. What is the remainder when 22 is divided by g?
0
Suppose 0 = -3*t - 4*p + 56, p - 9 - 35 = -2*t. What is the remainder when t is divided by 13?
11
Let a be ((-2)/(-4))/(-1)*-34. Let i = a + 0. Calculate the remainder when 48 is divided by i.
14
Suppose -2*f = -3*t + 86, -2*t - 4*f + 51 = 15. Calculate the remainder when 61 is divided by t.
9
Suppose -116 = 4*r - y, -r = r - 3*y + 68. Suppose 3*x = -b + 155, 0 = -2*b - 10 + 2. Let u = r + x. What is the remainder when u is divided by 9?
7
Let c(f) = -f**2 - 4*f + 4. Let o be c(-5). Let s(g) = -4*g. Calculate the remainder when 11 is divided by s(o).
3
Let w = -15 - -24. Let s = w + 1. Let q(j) = j**3 - 7*j**2 + 4*j. What is the remainder when q(7) is divided by s?
8
Let a = 17 - 16. Calculate the remainder when 4 is divided by a.
0
Let u be ((-3)/3)/(2/12). Let h(a) = -a**2 - 10*a - 6. Calculate the remainder when 71 is divided by h(u).
17
Suppose -2*p + 5*p = 6. Calculate the remainder when p + 75 - (-8)/4 is divided by 20.
19
Suppose 41 = 10*n - 139. What is the remainder when 122 is divided by n?
14
Let o be (-129)/12*8/2. Let t(w) = -w + 1. Let n be t(4). What is the remainder when o*2*n/6 is divided by 15?
13
Let f be (-2 + 1)*1*-2. What is the remainder when (2/(-6))/(f/(-222)) is divided by 13?
11
Let c(w) = -w**2 - 2*w + 29. Let l = 30 - 11. Calculate the remainder when l is divided by c(-6).
4
Let p(k) = k**3 + 9*k**2 - k - 7. Let r = 1 + -2. What is the remainder when p(-9) is divided by 1 - r - (-4 - -5)?
0
Suppose -5*k - 4*j + 317 = 0, 3*k - 2*j = -0*j + 199. What is the remainder when k is divided by 17?
14
Let v = -85 + 89. Calculate the remainder when v is divided by 2.
0
What is the remainder when (4/6)/(18/783) is divided by 17?
12
Let x = 0 - -2. Let m(l) be the third derivative of 23*l**4/24 + l**3/6 + 9*l**2. Calculate the remainder when m(x) is divided by 12.
11
Suppose -2*b - 3*b + 10 = 0. Calculate the remainder when (-3)/3 - (-34)/2 is divided by 26/3 - b/(-6).
7
Let v be (-6)/(-4) - (-6)/4. Calculate the remainder when 46 is divided by 21/v*(-24)/(-14).
10
Suppose 5*j - 5*n - 61 - 24 = 0, 2*n = 8. Let v be -3*13*12/(-9). Let d = v - j. Calculate the remainder when d is divided by 16.
15
Suppose -2*t - 2*t + 24 = 0. Let z(b) be the second derivative of -b**4/12 + b**3 + b**2/2 - b. What is the remainder when z(3) is divided by t?
4
Suppose 0 = w - 0*w. Let y = 6 - 2. Suppose -3*g + 15 = 2*i - y, w = -3*i + 3*g + 21. Calculate the remainder when 13 is divided by i.
5
Suppose 0 = 6*s + 12 - 96. What is the remainder when 53 is divided by s?
11
Suppose 4*t - 32 = -5*h, t - 2*h + 8 = 3. Let c = -17 + 24. Calculate the remainder when c is divided by t.
1
Let k = 6 + -4. Suppose 5*c - 1962 = 328. What is the remainder when k/10 - c/(-10) is divided by 16?
14
Let q = 133 + -94. What is the remainder when q is divided by 20?
19
Suppose -4*l + 12 = -0*l. Suppose 2*h + l - 41 = 0. Suppose 7*g + 5 = 8*g. What is the remainder when h is divided by g?
4
Let a(k) = k - 9. Let p be a(7). Let v be (-2606)/7 - p/7. What is the remainder when v/(-10) + 8/(-40) is divided by 13?
11
Let z = -347 - -373. Let m(q) = -3*q**3 - 5*q**2 + 3*q + 3. What is the remainder when m(-4) is divided by z?
25
Let o = 0 + 45. Suppose -2*g - 4 = -3*g. Suppose -o = -g*q + q. Calculate the remainder when 28 is divided by q.
13
Let g = 1 + 2. Suppose w = g*w - 42. What is the remainder when 61 is divided by w?
19
Let g(c) = 4*c**2 + 9*c + 8. What is the remainder when g(-5) is divided by 16?
15
Suppose 5*f - 1003 = -3*x, 122 = 2*f - 2*x - 276. Suppose 10*y = 5*y + f. Calculate the remainder when y is divided by 14.
12
Suppose -5*f + 65 + 48 = 3*h, 0 = -5*h + 5*f + 135. Calculate the remainder when h is divided by 16.
15
Suppose -185 = 160*n - 165*n. What is the remainder when 145 is divided by n?
34
Let j(b) = -45*b + 4. Calculate the remainder when j(-3) is divided by 35.
34
Let b(s) = s**3 - 17*s**2 - 17*s + 3. Calculate the remainder when 81 is divided by b(18).
18
Let w(l) = 4*l + 4. What is the remainder when w(6) is divided by (28/6 + -3)*9?
13
Let l = 26 - 21. What is the remainder when 14 is divided by l?
4
Let u = -9 - -16. Let v = -3 - -8. Calculate the remainder when u is divided by v.
2
Let o = 8 + 14. Let h(x) = 21*x**2 + 2*x - 1. Calculate the remainder when h(2) is divided by o.
21
Suppose -7*m = -3*m - 40. What is the remainder when 39 is divided by m?
9
Let t(c) = -5*c - 14. Let l be t(-6). Suppose l = d + 3*d. Suppose 3*i + 33 = 6*i. Calculate the remainder when i is divided by d.
3
Let i = -2 + 6. Suppose -13 - 15 = 4*k. Let r = -5 - k. Calculate the remainder when i is divided by r.
0
Suppose 0 = 13*q - 10*q - 12, 0 = m + 2*q - 15. What is the remainder when 23 is divided by m?
2
Let c(o) = o**2 - 3*o + 1. Suppose 0 = -u + 2*d + 8, u - 2*u = 5*d - 36. What is the remainder when c(-4) is divided by u?
13
Let y(c) = -c**3 + 7*c**2 + 9*c - 6. Let f be y(8). Let u(z) = 10*z + 2. Calculate the remainder when u(f) is divided by 8.
6
Suppose 8*d = 5*d + 93. Calculate the remainder when 91 is divided by d.
29
Let s = -10 + 15. Suppose 3*z = 2*b - 3*b + 14, s*b - 50 = 5*z. Let v = 140 - 99. Calculate the remainder when v is divided by b.
8
Suppose -2*x + 5 - 1 = 0. Let t be x/3 - 6/9. Suppose q - 6*q + 105 = t. Calculate the remainder when q is divided by 12.
9
Let t(g) = g**2 + 7*g. Let u be t(-7). Suppose -3*o + 0*o = -54. What is the remainder when 36 + 2 + -4 + u is divided by o?
16
Suppose 6*f - 4 = 5*f. Suppose -4*q = -f*l + 152, -4*l + 4*q + 153 = q. Calculate the remainder when l is divided by 10.
9
Let r(b) = b**2 - 5*b + 5. Calculate the remainder when 14 is divided by r(5).
4
Suppose 98 - 38 = 3*k. Calculate the remainder when 78 is divided by k.
18
Calculate the remainder when (-2 - -3) + (-177)/9*-3 is divided by 13.
8
What is the remainder when 3*-51*(-8)/36 is divided by 12?
10
Let z(r) = -2*r - 9. What is the remainder when z(-7) is divided by 1?
0
Let d(h) = 